 (-2273)/(-2271)).
2, 3, 757
Suppose -2*t = -d + 143, 4*d + t = 3*t + 566. Let n = d - 76. List the prime factors of n.
5, 13
Suppose -5*h = -2*h - 1890. Suppose -3*c + 3*i = -6*c + h, 5*c - 1050 = -2*i. List the prime factors of c.
2, 3, 5, 7
Let u(b) = 45*b - 43. List the prime factors of u(8).
317
List the prime factors of (-2 + 915)*(1 + 3).
2, 11, 83
Suppose -r - 30*v = -26*v - 2429, 12082 = 5*r - v. List the prime factors of r.
2417
Let s(i) = -2*i**2 + i + 4. Let q be s(-3). Let r(l) = -3*l - 32. List the prime factors of r(q).
19
Suppose -72 = -3*g + 2*m, 4*g - 2*g - m = 48. Let w = g + -17. Let l = w - 3. List the prime factors of l.
2
Let y(j) = -4*j + 1. Let a(c) = -49 + 48 + c + 4*c. Let l(n) = 7*a(n) + 6*y(n). List the prime factors of l(1).
2, 5
Suppose -4*r + 28 = -36. Let x be 2 - (3 + -6 - -3). Suppose 0 = x*l - 4 - r. What are the prime factors of l?
2, 5
Suppose -42*u = -60*u + 37926. What are the prime factors of u?
7, 43
Suppose 0 = -9*d + 706 + 383. List the prime factors of d.
11
Let q be 119/34*(-4)/(-7). Let k be (2/(4/(-6)))/(-1). Suppose k*s - 4*n - 1 = 4*s, 0 = q*n + 8. What are the prime factors of s?
3, 5
Suppose 2*v + 264 = 4*v. Suppose -5*o + 178 = -3*g, o + v = 5*o - 5*g. Let l = 65 - o. List the prime factors of l.
3
Let s = -156 - -156. Let g = -4 - -7. Suppose -z = g*u - 57, 3*z - 38 = -2*u - s*z. What are the prime factors of u?
19
Let v(o) = 7*o**3 + 1 + 18*o**3 + 2*o**2 - 16*o**3 + o. What are the prime factors of v(2)?
83
Let s(x) = 9*x**2 - 2*x - 3. Let c(h) = 6*h - 2*h - 3*h. Let y(a) = 2*c(a) + s(a). List the prime factors of y(-2).
3, 11
Let t(w) = 218*w**2 + 13*w + 22. List the prime factors of t(-4).
2, 7, 13, 19
Let d(g) be the first derivative of g**4/4 - 4*g**3 + g**2 - g + 9. What are the prime factors of d(13)?
2, 97
Let w be 2/(-2)*(2 - -3). Let a be -48*1 + (w - -3). Let h = -35 - a. List the prime factors of h.
3, 5
Suppose 156 = 2*o + 76. List the prime factors of o.
2, 5
Let q be 2/2 - 1 - 2/(-1). Suppose d = -4*g + 391, 4*g - q*d - d = 379. List the prime factors of g.
97
Let y be ((-2)/(-4))/(6/24). Let k be -1 + (-2)/y + 4. Suppose 5*l = n + 204, 188 = 5*l + n + k*n. What are the prime factors of l?
2, 5
Let t be 4/(-22) - 312/(-22). Suppose 11*f + 156 = t*f. List the prime factors of f.
2, 13
Suppose 7*h = 11*h + 28. Let j = 45 - h. What are the prime factors of j?
2, 13
Let c = 240 - 163. Let y = -44 - -30. List the prime factors of y/c + (-48)/(-22).
2
Let h = -1515 + 2145. Let a = h - 346. List the prime factors of a.
2, 71
Suppose 3*k + 3*y - 264 - 819 = 0, 0 = 5*k + 3*y - 1801. List the prime factors of k.
359
Suppose 2*x + 3*w = -7, 2*x - w + 8 = -5*w. List the prime factors of (-2)/(-4) + (-125)/x + -5.
2, 29
Let w(h) = -h**3 - 4*h**2 - 6*h + 1. Let u be w(-5). List the prime factors of (-1 - 59)*u/(-21).
2, 5
Let r(k) = -2*k - 13. Let i(p) = -p. Let g(n) = 3*i(n) - r(n). Let u be g(12). List the prime factors of u/2*74*2.
2, 37
Suppose 0 = -m + 12 + 43. Let q = -35 + m. List the prime factors of q.
2, 5
List the prime factors of (594153/36)/7 - 21/28.
2357
List the prime factors of (13 - -2720)*1 - -9.
2, 3, 457
Suppose 3*s + 4*f = -0*s - 49, 42 = -2*s - 5*f. Let n = s + 15. List the prime factors of n.
2
Let i be 5/((-50)/(-24))*5*9. Let n = i - -28. What are the prime factors of n?
2, 17
Suppose 104 = 4*w - 8. What are the prime factors of w?
2, 7
List the prime factors of (-6)/20 - (-791078)/1060.
2, 373
Suppose -9*z - 8 = -13*z. Suppose -40 = 2*x + z*x. Let f = 16 - x. What are the prime factors of f?
2, 13
Suppose 2427 = -8*w + 11*w - 3*m, 4*w - 3236 = 3*m. List the prime factors of w.
809
Suppose -7*a + 2*a = 5*g - 1050, -855 = -4*g - a. List the prime factors of g.
5, 43
Suppose -33*w - 34*w + 87569 = 0. What are the prime factors of w?
1307
Let d(l) = -l**3 + 7*l**2 + 13*l + 14. List the prime factors of d(7).
3, 5, 7
Let v(p) = -100*p - 22. What are the prime factors of v(-4)?
2, 3, 7
Let b(i) = 9*i**3 + 4*i**2 - 6*i - 1. Let m be b(3). Suppose 8*a - 13*a = -m. List the prime factors of a.
2, 13
Suppose -3*y - 156 = -153, -11650 = -5*h - 5*y. What are the prime factors of h?
3, 7, 37
Let o(q) = 0 + 13*q + 2*q**2 + 4 - 14*q + 14*q. List the prime factors of o(-11).
103
Let u(j) = -j**3 - 2*j**2 + 1. Suppose 2*d - 7 = 3*h, -2*h + h - 14 = -3*d. Let w be u(h). What are the prime factors of -9*(w - 1)*1?
3
Suppose 3*y - 761 - 6439 = 0. Let c be (3/(-4))/((-8)/y). Suppose -4*i - c = -7*i. What are the prime factors of i?
3, 5
Let i = -93 - -95. Suppose 607 = 3*m - v, -5*v = -6*m + i*m + 813. List the prime factors of m.
2, 101
Let l = -2 - -2. Suppose -2*v - 3*v + 50 = l. Let n = 33 - v. List the prime factors of n.
23
What are the prime factors of (-279)/15*(-6)/(-9)*-40?
2, 31
Let p = -252 - -804. List the prime factors of p.
2, 3, 23
Let l(z) = 2*z**3 + 4*z**2 + 12*z + 7. What are the prime factors of l(5)?
3, 139
What are the prime factors of -7 - (-8 + (-3 - 822))?
2, 7, 59
Suppose 118 = -4*h + 2*a - 114, h + 55 = 2*a. Let q = 89 + h. Suppose -f - 4 + q = 0. List the prime factors of f.
2, 13
Suppose 2*i - 1 + 3 = 0. Let u(p) = 47*p**2 - 3*p - 7. Let q(r) = 46*r**2 - 3*r - 8. Let m(a) = -5*q(a) + 6*u(a). What are the prime factors of m(i)?
53
Let d be 4568/44 - (-2)/11. Suppose 0*g + 232 = 2*g - 2*l, 0 = -g - 2*l + d. List the prime factors of g.
2, 7
Suppose 2*r - 1486 = 904. What are the prime factors of r?
5, 239
Let k(n) = 14*n + 1 + 17*n + 0*n - n**2 - 2*n. What are the prime factors of k(25)?
101
Suppose 0 = -6*v + 77 + 19. List the prime factors of ((-8)/(v/(-126)))/1.
3, 7
Suppose 6*r - 5 = r. What are the prime factors of -4 - (r - (-792)/(-4))?
193
Suppose -11*y + 5133 = -29286. List the prime factors of y.
3, 7, 149
Let u(l) = -l**3 - 8*l**2 + 9*l - 3. Let b be u(-9). Let f be b + (-5)/((-10)/(-12)). Let s = f + 33. What are the prime factors of s?
2, 3
Let p = 242 + -139. Let o(r) = -2*r**3 - 6*r**2 + r + 5. Let m be o(-4). Suppose 0 = -2*i + p - m. List the prime factors of i.
5, 7
Let x = 8903 + -5303. List the prime factors of x.
2, 3, 5
Let l = 222 - -16. Suppose -5*j = -928 + l. List the prime factors of 4/14 - j/(-7).
2, 5
Let t = 979 + 125. What are the prime factors of t?
2, 3, 23
Let g = 3 - -7. Suppose 15 = -5*h - 0*h, -z = -3*h - 155. What are the prime factors of z/g + 14/35?
3, 5
Let x(w) = 2*w. Let c be x(1). Suppose 3*p + 0 = -9, -c*k = 2*p - 110. List the prime factors of k.
2, 29
Let t = 303 - 181. Suppose 0 = -q - q + 4*h + 122, -4*h + t = 2*q. List the prime factors of q.
61
Let d(a) = 464*a + 529. List the prime factors of d(10).
3, 1723
Let d(h) = -85*h - 311. What are the prime factors of d(-25)?
2, 907
Let p(g) = -g + 12. Let w be p(0). What are the prime factors of ((-6)/5)/(w/(-1240))?
2, 31
Let d(p) = -498*p + 1. What are the prime factors of d(-2)?
997
Let p = -25 - -32. Suppose p*x - 522 - 262 = 0. Suppose 2*m - 12 = x. List the prime factors of m.
2, 31
Suppose 0*r + 2*r = 3*i - 6, -10 = -5*i + r. What are the prime factors of 1045/38*(-1)/(-1)*i?
5, 11
Let p = -78 - -63. What are the prime factors of 40/p*(-12)/(-32)*-214?
2, 107
Let f(z) = 217*z + 38. List the prime factors of f(15).
37, 89
Let y(t) = t + 15. Let m be y(-11). Suppose m*w = -4, 3*r - w - 59 = 5*r. Let a = -10 - r. List the prime factors of a.
19
Suppose 0 = -2*t - 4, 0 = d + 4*t + 3 + 2. Let j = -78 + 116. Suppose 10 = d*s - j. What are the prime factors of s?
2
Suppose -6*q + 9*q - 15 = 0. Suppose -q*y + 693 = -52. List the prime factors of y.
149
Suppose -y + 12 = 3*x, y - x + 6*x = 18. Suppose -46 = -y*m + 2*g, 5*g - 5 = 3*m - 48. List the prime factors of m.
2
Suppose 54*i + 32357 = 147215. List the prime factors of i.
3, 709
Let a = -1226 - -1488. List the prime factors of a.
2, 131
Let a(f) = -2*f + 17. Let i be a(7). What are the prime factors of (-4)/(i*2/(-27))?
2, 3
Suppose -4*a + 3 = -3*a. Suppose -h = 3*i - 779, 0 = 2*h - 5*h - a. What are the prime factors of i?
2, 5, 13
List the prime factors of 364812/430 + (-4)/10.
2, 53
What are the prime factors of 58/87 + 304/3?
2, 3, 17
Suppose -p = 4*r - 3*p - 40, r = -3*p + 3. Suppose -b - 576 = -r*b. List the prime factors of b.
2, 3
Suppose -13*m + 32771 = -4448. List the prime factors of m.
7, 409